61 and g?
33
Let h(u) = 2*u**3 - 11*u**2 - 4*u - 7. Let j be h(6). Suppose -40 = -j*f - 15*f. What is the highest common factor of f and 10?
2
Let k(x) = -14*x**2 + 965*x - 78. Let f be k(68). Calculate the greatest common factor of f and 13.
13
Let t(j) = 2*j - 25. Let n be t(20). Let r be n/(-6)*(-132)/30. Let v = 107 - -14. What is the greatest common divisor of v and r?
11
Suppose 35*x = -130 + 760. Let p be (-244)/((-40)/18 + 2). Calculate the highest common factor of x and p.
18
Suppose -3*i + 2*j - 218 - 258 = 0, 511 = -3*i - 5*j. Let q be i/(-14) - (0 - 6/14). Calculate the greatest common divisor of 6 and q.
6
Let k = -177 - -182. Suppose k*u = a + 1611, 1 = 4*a - 5*a. What is the greatest common factor of 46 and u?
46
Let y(j) = 3*j**2 + 15*j - 43. Let a be y(-35). Calculate the greatest common factor of 717 and a.
239
Suppose -m + 4*w = 12, 5*m - 5*w - 8 = -2*w. Let x be (-2)/m + ((-46)/(-4) - -5). What is the greatest common factor of 136 and x?
8
Suppose 3*h - p = 4*h - 128, -3*h = 5*p - 370. What is the greatest common divisor of 7965 and h?
135
Suppose 0 = -z - 3*w + 27, 4*z = 2*w + 26 + 40. Let y be (-10)/8 - 4/(96/(-13854)). Calculate the greatest common divisor of z and y.
18
Suppose 0 - 8 = -c. Suppose -11*q + 7 = -829. Suppose 0 = 10*a - c*a - q. Calculate the highest common divisor of 133 and a.
19
Let u(v) = -v**2 - 207*v - 10173. Let q be u(-126). What is the greatest common factor of q and 2288?
11
Let y be (2/6)/(2/(-1096)*452/(-339)). Calculate the highest common factor of y and 2329.
137
Let v(c) = -6*c**3 - 3*c**2 - 11*c - 5. Let q be v(5). Let w = q + 907. What is the highest common divisor of w and 11?
11
Suppose -5*p = -16 + 1. Let g = 117 + p. Calculate the highest common divisor of g and 30.
30
Let h = 674 - 816. Let j be (1065/h)/((-1)/2). Let v = -5 + 11. What is the highest common factor of j and v?
3
Let l(v) = -v**3 + 9*v**2 + 8*v + 48. Let z be l(10). Calculate the highest common divisor of z and 1244.
4
Let f be (-9)/12*160/(-336)*-7*-60. Let r = -39 - -69. What is the greatest common factor of r and f?
30
Suppose 22*t = 36411 + 17445. What is the highest common divisor of t and 80?
16
Let m = 1545 - 1534. What is the greatest common factor of m and 2189?
11
Let p(y) be the first derivative of y**4/4 - 4*y**3/3 + y - 54. Let v be p(5). Calculate the highest common factor of 13 and v.
13
Let q(k) = -k**2 + 25*k + 1016. Let j be q(41). Calculate the greatest common factor of 435 and j.
15
Let h(l) = -139*l + 915. Let o be h(6). What is the greatest common factor of o and 111?
3
Let f(p) = p**3 + 7*p**2 - 4*p - 10. Suppose -40*h + 36*h = 20. Let n be f(h). What is the highest common factor of 12 and n?
12
Let i be 4/8*(-102 - -2). Let z = 17 + 49. Let p = z + i. What is the highest common factor of 24 and p?
8
Suppose -73*j + 3888 = -55*j. Calculate the highest common divisor of 180 and j.
36
Let z(v) = 7*v + 31 + 23 - 7*v - v. Let d be z(19). Let m = -23 + d. What is the greatest common divisor of 60 and m?
12
Suppose -56 = -3*i - n, -4*n - 6576 + 6640 = 2*i. Suppose 28 = z + z. Let g be (z/(-10) - -1)*-80. Calculate the highest common factor of g and i.
16
Suppose -65 - 4029 = -89*s. What is the highest common divisor of s and 40?
2
Let w be (-1 - 0)*((-9)/(-3) + -3). Suppose -2*h = 5*f - f - 168, w = -3*h - 3*f + 246. Suppose -40 = 6*c - 8*c. What is the greatest common divisor of c and h?
20
Suppose -t + 3 - 5 = 0. Let y be (-5)/((-30)/996) + t. What is the highest common divisor of y and 41?
41
Let c = -66 - -194. Suppose -4*u + c = 4*x, -u = u + 4*x - 68. Suppose -h = h - 90. Calculate the greatest common divisor of u and h.
15
Let a(n) = n**2 + 30*n + 209. Let d be a(-21). Calculate the greatest common divisor of d and 4090.
10
Suppose 0 = 11*u - 5275 - 14954. Suppose -79*m - u + 27435 = 0. Calculate the highest common divisor of m and 180.
36
Suppose -4*h = -b + 17 + 16, -3*b = 4*h - 19. Let f be ((3 - b) + 5 - -2) + 14. Let r = 112 - 35. What is the highest common divisor of f and r?
11
Let b = -47 - -44. Let r be 0*3*b/(-27). Let a be 1064/24*(r - -3). Calculate the greatest common factor of 19 and a.
19
Suppose 0 = -5*t + 5*l + 25, 0 = l + 3 - 2. Suppose t*m = -1 + 5. Let v be (-2 + m)*(-30)/15. Calculate the highest common divisor of 18 and v.
2
Let x = 19 - 11. Suppose -25*z - 4 = -27*z. Let j be z*(-16)/(-10)*5. Calculate the highest common factor of x and j.
8
Suppose -2*b - 2*z = -128, 14*z + 132 = 2*b + 12*z. Let j(n) = 3*n - 2. Let r = 17 + -12. Let m be j(r). What is the greatest common factor of b and m?
13
Let v be 18/78 - 34818/(-39). Calculate the highest common factor of 57 and v.
19
Suppose -7 = t + 4*b, -2*b = -4*t + 2*b + 72. Suppose -18*z + 24 = 30*z - 40*z. Calculate the highest common factor of z and t.
1
Let s(r) = 3*r**2 - 13*r + 10. Let i be s(11). Suppose -2*u + j + 17 = 0, 3*u - 2*j + 3 = 27. Calculate the highest common factor of u and i.
10
Let f be (-90)/(996/(-72) - -13). Calculate the highest common factor of 297 and f.
27
Let s be (-1176)/(-39) - 2/13. Suppose -s = -96*a + 94*a. Suppose a*z - 2 = 14*z. What is the greatest common factor of 14 and z?
2
Suppose -66*g + 201*g - 9180 = 0. Calculate the highest common factor of g and 2754.
34
Let a be (-894)/1192*(-256)/6. Calculate the greatest common factor of a and 15952.
16
Let s(q) = 2*q**2 + 27*q + 18. Let o be s(-13). Suppose o*c - 6*c + 66 = 0. Let f be -16*(c/(-60) + (-2)/5). What is the highest common factor of 18 and f?
6
Suppose 2*w - 6131 = -59*q + 64*q, -5*w + 5*q = -15275. Calculate the greatest common factor of w and 60.
12
Let x = -182 - -184. Suppose d + 3*m = -x*m + 84, d = -m + 96. What is the greatest common factor of 18 and d?
9
Let s be (-43 + 3)/((-3 + -1)/2). Suppose -z = z - s. What is the highest common factor of 30 and z?
10
Suppose 3*d = c + 354 + 25, 4*d + 4*c - 484 = 0. Suppose m - 77 = -2*x + 6*m, -d = -3*x - 2*m. What is the greatest common divisor of x and 41?
41
Suppose -3*q + 15*u - 19*u = -43, q = 3*u - 3. Calculate the greatest common divisor of q and 65997.
9
Let j = -641 + 1217. Let d = j + -173. Calculate the greatest common divisor of 39 and d.
13
Let k be 90 - (1 + 1 + -2). Let n = -36102 + 36297. Calculate the greatest common factor of k and n.
15
Suppose -t = 1, -4909 + 759 = -4*i + 2*t. What is the highest common factor of i and 170?
17
Let i(c) = c**3 + 44*c**2 - 42*c + 315. Let q be i(-45). Let u = -4 - -10. Calculate the greatest common factor of u and q.
6
Let y be 4/10 + 92/20. Let c be 36*1*(3 - (-84)/9). Suppose c + 231 = y*o. What is the highest common factor of 5 and o?
5
Let y(j) = 3*j**3 - 4*j**2 - 5*j - 12. Let n be y(4). Let k = 117 - n. What is the highest common divisor of 7 and k?
7
Let z = -46 - -51. Suppose -2*j = -z*r + 4, 3*j + r + 1 = 12. Let a be 18 - j*(-2)/(-3). What is the greatest common divisor of a and 112?
16
Let o(f) = -6*f**2 - 159*f - 250. Let x be o(-24). What is the highest common divisor of 4210 and x?
10
Let z = -169 - -169. Suppose 2*d + 244 - 682 = z. Calculate the highest common divisor of d and 73.
73
Suppose 0 = 4*n - 1982 - 38. Let g = 598 - n. Calculate the greatest common divisor of g and 403.
31
Suppose 4*o + 12*y - 10*y - 2898 = 0, -o - 4*y + 742 = 0. Let p = o + -716. Calculate the highest common divisor of 486 and p.
6
Suppose 6*f - 7903 = 6245. Calculate the greatest common factor of 18 and f.
18
Suppose 56*n + 12820 = x + 58*n, -5*x + 64142 = 4*n. Calculate the highest common factor of 372 and x.
186
Let p = -4929 - -5873. What is the highest common factor of 295 and p?
59
Let b(j) = -710 + 10*j - 8*j**2 + 854 + 6*j**2. Let c be b(11). Calculate the highest common divisor of c and 372.
12
Suppose 7*b + 45 = -2*b. Let l(d) = -d**2 - d + 28. Let m be l(b). Let g = -19 + 59. Calculate the greatest common divisor of m and g.
8
Let o be 9/4 + 6/(-24). Let l = -58 - -52. Let c be (-7*l/(-105))/((-2)/10). What is the highest common factor of o and c?
2
Suppose -34*k - 18*k + 466956 = 32*k. Calculate the highest common divisor of 51 and k.
51
Suppose -5*x + 6989 = 4*r, 387*x = r + 383*x - 1742. What is the greatest common divisor of 54 and r?
18
Let a be (-38)/(-3)*6/4. Let d be 218/2 + (-70)/(-10) + -2. Suppose -5*f + 494 = d. Ca